Let o(y) = 3*l(y) + 8*p(y). Let z be o(5). Suppose -z = -d - d. List the prime factors of d.
2
Let t(v) = v**2 + 9*v + 5. Suppose 4*p - 52 = -2*f + 6*f, 0 = -5*f - 3*p - 25. Let z be t(f). What are the prime factors of 50/3 - 1/z?
17
Let w(x) = x**3 - 8*x**2 + 10*x - 2. Suppose 2*r - r - 7 = 0. List the prime factors of w(r).
19
Let t = -27 - -124. What are the prime factors of t?
97
Suppose 2*j - 4*o + 20 = 0, -j - 19 = 3*j - o. Let z = j + 5. Let r(q) = 8*q - 1. What are the prime factors of r(z)?
7
Let j = -10 - -6. Let b(v) = v**3 - v**2 + 1. Let i(z) = 6*z**3 + 5*z + 3. Let d(r) = 5*b(r) - i(r). What are the prime factors of d(j)?
2, 3
Let v(g) be the first derivative of 3*g**2/2 + 1. Let k be v(-1). Let d = 10 + k. List the prime factors of d.
7
Suppose -2*z + 80 = -7*z. Suppose 2*h + 0*h = -52. Let l = z - h. What are the prime factors of l?
2, 5
Let y(g) = 12*g + 52. What are the prime factors of y(9)?
2, 5
Let s = -6 + 11. Suppose -4*h = 2*o - 36, s*h - 2*h = 4*o + 27. List the prime factors of h.
3
Suppose 3*b + 12 = 3*a, a - 4 = b + 2*b. Suppose 3*f + 5 - 11 = b. List the prime factors of f.
2
Let w(v) = -1 - 8*v + 0 - 2 + 3*v. What are the prime factors of w(-10)?
47
Suppose 5*l = w + 41, -w = l + 15 - 4. List the prime factors of (5 - 7) + (-2 - w).
2, 3
Let f = -35 - -25. Let n = f + 36. What are the prime factors of n?
2, 13
Suppose 0 = -4*y - 3*s + 151, -s - 2*s = -2*y + 53. What are the prime factors of y?
2, 17
Let o(u) = -u - 3. List the prime factors of o(-9).
2, 3
Suppose -2*q - 17 = -b, 4*q + 0*q - 43 = -5*b. Let u = b - -24. What are the prime factors of u?
5, 7
Suppose z + 491 = 4*i, -5*i + 0*z + 595 = 5*z. List the prime factors of i.
2, 61
Let z(b) = b**3 + 7*b**2 + b + 10. Let o be z(-7). Suppose -o*m + 3 = -3. What are the prime factors of m?
2
Let h = 114 - -138. List the prime factors of h.
2, 3, 7
List the prime factors of 0 + 156 + -7 + (-30)/(-5).
5, 31
Let t = 74 - -117. What are the prime factors of t?
191
Let x(y) = 2*y - 6. Let b be x(5). Let p = 9 - b. Let g(j) = j**3 - 6*j**2 + 5*j + 6. List the prime factors of g(p).
2, 3
Let m = -1 - 4. Let y = m - -9. What are the prime factors of (11 - y)*(-2)/(-2)?
7
Let g = -13 + 42. List the prime factors of g.
29
Suppose -3*g - 3*o + 467 + 208 = 0, 3*g + 5*o - 685 = 0. List the prime factors of g.
2, 5, 11
Let g be 9*(-3)/(-3) + -1. Let n(a) = a**2 - 5*a - 7. Let x be n(g). Let t = 30 - x. List the prime factors of t.
13
Let w(l) = -l + 2. Suppose -20 = 5*i + 2*t, 5*i - i + 2*t + 16 = 0. Let p be 2/1 - (-36)/i. What are the prime factors of w(p)?
3
Let u = 3 - 1. What are the prime factors of u?
2
Suppose -3*b + 8*b = t + 9, -4*t + 2*b = 0. Let y = t + 1. What are the prime factors of y?
2
Let u(r) = r**2 + 2*r + 1. Let o be u(-3). Let f be 1*2 - (-16)/o. Suppose -3*c - 4*b = -2*b - 2, -f = -2*c + b. List the prime factors of c.
2
Let r = 8 + -5. Suppose s - 2*s + r*n = -25, s = -n + 13. Suppose 0 = -3*h - h + s. What are the prime factors of h?
2
Let o(d) = -2*d + 2. Let x be o(5). List the prime factors of (-10)/(-4)*x/(-4).
5
Suppose -o + 4*v = 2*v - 6, -2*o + 6 = -v. Let i(z) = 7*z - 1. What are the prime factors of i(o)?
13
Let a = -10 + 13. Suppose -2*z + 2*r - a*r = -23, -2*r + 2 = 0. List the prime factors of z.
11
Let t = 2 - 4. List the prime factors of -26*1/2*t.
2, 13
Let c(x) = x**3 + 11*x**2 + 5*x - 10. List the prime factors of c(-7).
151
Let w = 9 + 8. List the prime factors of w.
17
Let o be (-1 - 12 - -3)/(-2). Suppose -3*u + 18 = o*g - 13, -2*u + 38 = -g. List the prime factors of u.
17
Let i(t) = 31*t**2 - 1. Let c be i(1). Let f = -16 + c. Suppose -s = s - f. List the prime factors of s.
7
Let z be -2 + (-2 - (0 - -2)). Let w be z/(-4)*(1 - 3). Let t(l) = 2*l**2 + 2*l - 1. What are the prime factors of t(w)?
11
Let h(q) be the second derivative of -q**3/2 - 5*q**2/2 - q. What are the prime factors of h(-5)?
2, 5
Suppose 0 = f - 0*f - 20. Suppose -10*t = -6*t - f. What are the prime factors of t?
5
Let b(g) = 2*g + 4. Let z = -1 - 4. Let q be b(z). What are the prime factors of (-212)/(-12) - 2/q?
2, 3
Let s(v) = -7*v**2 - 15*v + 19. Let k(y) = -11*y**2 - 22*y + 28. Let d(b) = -5*k(b) + 8*s(b). What are the prime factors of d(-9)?
3, 7
Let d(v) = -v**2 + 8*v - 8. Let a be d(7). What are the prime factors of (a - 4/(-3))*27?
3
Suppose 0 = 4*w - 116 - 0. List the prime factors of w.
29
Let o be 38/6 + 3/(-9). What are the prime factors of o/(-8) - (-23)/4?
5
Suppose 0 = y + 2*y - 9. Suppose 0 = 2*k + 6, 2*k - y*k - 18 = -3*l. List the prime factors of l.
5
Let q be 9/6*(0 + 2). Suppose -8*w = -q*w - 120. Suppose -z + 3*n + w = -0*z, -92 = -5*z + n. List the prime factors of z.
2, 3
Suppose 0 = 3*u + 6 - 3. Let p = 16 - 3. Let r = u + p. List the prime factors of r.
2, 3
Suppose -2 = 2*t - 6. Suppose 4*x - 5*b - 6 = 22, 3*x + 5*b = -14. Suppose -y + t*o = -20, 4*y + 0*o = -x*o + 50. What are the prime factors of y?
2, 7
Let f be 1/1*(-2 - -8). Let l(b) = -b**3 + 7*b**2 - 6*b + 4. What are the prime factors of l(f)?
2
Let z = -30 - -42. Suppose 48 + z = 4*c. What are the prime factors of c/2 - (-1)/(-2)?
7
Let z(w) = w - 4 + 5 + w. Let b be z(1). What are the prime factors of (b/6)/((-1)/(-6))?
3
Let y = -6 + 3. What are the prime factors of 10 + (2*y)/(-3)?
2, 3
Let w = 11 + -8. Suppose o = -w*o + 40. Let c = 17 - o. What are the prime factors of c?
7
Let s be -1 + 2 + -31 + 2. Let y = 8 - s. What are the prime factors of y?
2, 3
Suppose 7*q - 448 = 3*q. What are the prime factors of q?
2, 7
What are the prime factors of -3 + 244/(1 - -3)?
2, 29
List the prime factors of 4/(-6) + 140/3.
2, 23
Suppose -5*w - 3*x + 52 = -5*x, 3*w - 32 = x. What are the prime factors of 250/w + 4/24?
3, 7
List the prime factors of 10*(-3)/4*-6.
3, 5
Let l(m) = -5*m**2 + 24*m - 10. Let g(d) = -2*d**2 + 5*d + d + 2*d - 3. Let q(x) = 8*g(x) - 3*l(x). List the prime factors of q(-8).
2, 3
Suppose 13*c - 9*c - 144 = 0. What are the prime factors of c?
2, 3
Let n(b) be the second derivative of b**4/3 - b**3/3 + b**2/2 - 2*b. What are the prime factors of n(1)?
3
Let s(b) = 2*b**2 + 7*b + 27. List the prime factors of s(-6).
3, 19
Let z(k) = -k + 14. Suppose 0*w - 2*w + 41 = 5*r, -3*w = -4*r + 42. Let n be z(r). Suppose l - j + 19 = 2*l, n*l - 102 = 2*j. What are the prime factors of l?
2, 5
List the prime factors of (8 - 7)/((-2)/(-162)).
3
List the prime factors of (-5 - -18)*(-2)/(-2).
13
Let x = 103 + -56. Let a be (-3)/(-4)*(x + 1). Suppose -3*w - 9 = -a. List the prime factors of w.
3
Suppose 2*l - 30 = -3*h + 4, 0 = 2*l + 8. Let y = -23 + h. Let s = 15 + y. What are the prime factors of s?
2, 3
Let v = -8 + 11. Suppose b - v = -c, 3*c = -4*b + 2*c + 24. List the prime factors of b.
7
Let w = -109 + 156. List the prime factors of w.
47
Suppose -x + 4 = 15. Let i = 22 + x. List the prime factors of i.
11
Suppose -2*x = -4*x + 10. What are the prime factors of x?
5
Let f(x) = 2*x**2 + 5*x + 9. List the prime factors of f(-8).
97
Let g be 4/8*(-1 + 55). Suppose -j = 2*j - g. List the prime factors of j/(-2)*(-8)/3.
2, 3
Let w = 4 - -17. List the prime factors of w.
3, 7
Let d(b) = 2*b**2 - 4*b - 2. List the prime factors of d(-4).
2, 23
Let l(j) = j. Let x(h) = -h - 1. Let o be 1*9/6*-2. Let b(k) = o*l(k) - 2*x(k). What are the prime factors of b(-4)?
2, 3
Let t be ((-20)/16)/((-2)/8). Suppose -t - 19 = -2*h. What are the prime factors of h?
2, 3
Let f be ((-9)/12)/(1/(-4)). Suppose 4*c - 5 = f. List the prime factors of c.
2
Let r(p) = 14*p + 1. Let t be r(-2). Let i be (t/(-2))/((-9)/(-24)). Suppose 4*x - i = -4*v, x - 2*v + 16 = 2*v. What are the prime factors of x?
2
Suppose 0 = -2*u + 5*s + 400, 3*s = 4*u + 8*s - 830. List the prime factors of u.
5, 41
Let n = -9 - -13. Let b = n + -1. What are the prime factors of b?
3
What are the prime factors of 147/(-2)*(-5)/(35/14)?
3, 7
Suppose -44 = -f + 34. Suppose -3*y = y - 2*b - f, -3*b + 9 = y. List the prime factors of y.
2, 3
Let p(g) = -17*g - 3. Let f be p(3). Let v = 79 + f. Let x = v + -16. What are the prime factors of x?
3
Let c(p) = 2*p**2 + 0*p**2 - 4 - p**2 - 2*p**2 + 8*p. Let l be c(7). Let b(m) = 5*m. What are the prime factors of b(l)?
3, 5
Let t(a) = 1 + 2*a**2 - a + 0*a - 4. Suppose 8 = 3*v - 1. Wha